{"id":354,"date":"2026-02-20T16:35:25","date_gmt":"2026-02-20T15:35:25","guid":{"rendered":"https:\/\/mbgrafikuje.pl\/?page_id=354"},"modified":"2026-04-14T08:41:39","modified_gmt":"2026-04-14T06:41:39","slug":"grafika","status":"publish","type":"page","link":"https:\/\/mbgrafikuje.pl\/index.php\/grafika\/","title":{"rendered":"GRAFIKA"},"content":{"rendered":"<ul style=\"line-height:1.2; margin-top:0;margin-bottom:0;\" class=\"wp-block-latest-posts__list has-link-color alignleft wp-elements-b68fc18c0424eaf6a894f16d302635c9 wp-block-latest-posts has-text-color has-theme-palette-1-color has-large-font-size\"><li><div class=\"wp-block-latest-posts__featured-image alignleft\"><a href=\"https:\/\/mbgrafikuje.pl\/index.php\/2026\/02\/24\/barn-concept\/\" aria-label=\"Barn Concept\"><img loading=\"lazy\" decoding=\"async\" width=\"1024\" height=\"768\" src=\"https:\/\/mbgrafikuje.pl\/wp-content\/uploads\/2026\/02\/ksiega-znaku-1-1024x768.jpg\" class=\"attachment-large size-large wp-post-image\" alt=\"\" style=\"max-width:768px;max-height:768px;\" srcset=\"https:\/\/mbgrafikuje.pl\/wp-content\/uploads\/2026\/02\/ksiega-znaku-1-1024x768.jpg 1024w, https:\/\/mbgrafikuje.pl\/wp-content\/uploads\/2026\/02\/ksiega-znaku-1-300x225.jpg 300w, https:\/\/mbgrafikuje.pl\/wp-content\/uploads\/2026\/02\/ksiega-znaku-1-768x576.jpg 768w, https:\/\/mbgrafikuje.pl\/wp-content\/uploads\/2026\/02\/ksiega-znaku-1-1536x1152.jpg 1536w, https:\/\/mbgrafikuje.pl\/wp-content\/uploads\/2026\/02\/ksiega-znaku-1-2048x1536.jpg 2048w\" sizes=\"auto, (max-width: 1024px) 100vw, 1024px\" \/><\/a><\/div><a class=\"wp-block-latest-posts__post-title\" href=\"https:\/\/mbgrafikuje.pl\/index.php\/2026\/02\/24\/barn-concept\/\">Barn Concept<\/a><div class=\"wp-block-latest-posts__post-excerpt\">Budowa i sprzeda\u017c nieruchomo\u015bci z dala od miasta w zgodzie z natur\u0105<\/div><\/li>\n<li><div class=\"wp-block-latest-posts__featured-image alignleft\"><a href=\"https:\/\/mbgrafikuje.pl\/index.php\/2026\/02\/20\/identyfikacja-felix-gluer\/\" aria-label=\"FELIX GLUER\"><img loading=\"lazy\" decoding=\"async\" width=\"1024\" height=\"724\" src=\"https:\/\/mbgrafikuje.pl\/wp-content\/uploads\/2026\/02\/FG_Catalog_2025_eng2-4-1024x724.jpg\" class=\"attachment-large size-large wp-post-image\" alt=\"\" style=\"max-width:768px;max-height:768px;\" srcset=\"https:\/\/mbgrafikuje.pl\/wp-content\/uploads\/2026\/02\/FG_Catalog_2025_eng2-4-1024x724.jpg 1024w, https:\/\/mbgrafikuje.pl\/wp-content\/uploads\/2026\/02\/FG_Catalog_2025_eng2-4-300x212.jpg 300w, https:\/\/mbgrafikuje.pl\/wp-content\/uploads\/2026\/02\/FG_Catalog_2025_eng2-4-768x543.jpg 768w, https:\/\/mbgrafikuje.pl\/wp-content\/uploads\/2026\/02\/FG_Catalog_2025_eng2-4-1536x1086.jpg 1536w, https:\/\/mbgrafikuje.pl\/wp-content\/uploads\/2026\/02\/FG_Catalog_2025_eng2-4-2048x1448.jpg 2048w\" sizes=\"auto, (max-width: 1024px) 100vw, 1024px\" \/><\/a><\/div><a class=\"wp-block-latest-posts__post-title\" href=\"https:\/\/mbgrafikuje.pl\/index.php\/2026\/02\/20\/identyfikacja-felix-gluer\/\">FELIX GLUER<\/a><div class=\"wp-block-latest-posts__post-excerpt\">Kompleksowa Identyfikacja wizualna marki<\/div><\/li>\n<\/ul>","protected":false},"excerpt":{"rendered":"","protected":false},"author":1,"featured_media":0,"parent":0,"menu_order":0,"comment_status":"closed","ping_status":"closed","template":"","meta":{"_kadence_starter_templates_imported_post":false,"_kad_post_transparent":"","_kad_post_title":"","_kad_post_layout":"default","_kad_post_sidebar_id":"","_kad_post_content_style":"","_kad_post_vertical_padding":"","_kad_post_feature":"default","_kad_post_feature_position":"","_kad_post_header":false,"_kad_post_footer":false,"_kad_post_classname":"","footnotes":""},"class_list":["post-354","page","type-page","status-publish","hentry"],"_links":{"self":[{"href":"https:\/\/mbgrafikuje.pl\/index.php\/wp-json\/wp\/v2\/pages\/354","targetHints":{"allow":["GET"]}}],"collection":[{"href":"https:\/\/mbgrafikuje.pl\/index.php\/wp-json\/wp\/v2\/pages"}],"about":[{"href":"https:\/\/mbgrafikuje.pl\/index.php\/wp-json\/wp\/v2\/types\/page"}],"author":[{"embeddable":true,"href":"https:\/\/mbgrafikuje.pl\/index.php\/wp-json\/wp\/v2\/users\/1"}],"replies":[{"embeddable":true,"href":"https:\/\/mbgrafikuje.pl\/index.php\/wp-json\/wp\/v2\/comments?post=354"}],"version-history":[{"count":12,"href":"https:\/\/mbgrafikuje.pl\/index.php\/wp-json\/wp\/v2\/pages\/354\/revisions"}],"predecessor-version":[{"id":475,"href":"https:\/\/mbgrafikuje.pl\/index.php\/wp-json\/wp\/v2\/pages\/354\/revisions\/475"}],"wp:attachment":[{"href":"https:\/\/mbgrafikuje.pl\/index.php\/wp-json\/wp\/v2\/media?parent=354"}],"curies":[{"name":"wp","href":"https:\/\/api.w.org\/{rel}","templated":true}]}}